base 3, what is 101 - 12?
12
In base 8, what is 3 + 313?
316
In base 13, what is -9c - 3?
-a2
In base 7, what is 16 + -144?
-125
In base 5, what is -2124 + -1?
-2130
In base 10, what is -1029 + 4?
-1025
In base 7, what is -14 - 1150?
-1164
In base 13, what is -1b9 - 1?
-1ba
In base 5, what is -10 + 133?
123
In base 3, what is 112 + -22?
20
In base 15, what is -3 + a11?
a0d
In base 5, what is -33433 - 3?
-33441
In base 13, what is 2 + -38?
-36
In base 6, what is -41 - 10?
-51
In base 5, what is 11 - -1330?
1341
In base 12, what is -13 - -16?
3
In base 13, what is -10 + 11?
1
In base 2, what is 11001100100010 + 0?
11001100100010
In base 13, what is -3 - 30a?
-310
In base 7, what is 5 - 10653?
-10645
In base 2, what is 1011 + 101011?
110110
In base 14, what is 2b1c - 0?
2b1c
In base 13, what is 16 + 6?
1c
In base 14, what is -1c - -3?
-19
In base 6, what is -220051 + -1?
-220052
In base 9, what is 137 - 2?
135
In base 2, what is -11100011100 - 0?
-11100011100
In base 4, what is -13313 - 0?
-13313
In base 2, what is -110010110100 - 11?
-110010110111
In base 7, what is 106522 + 0?
106522
In base 15, what is 175 - 2?
173
In base 5, what is 413 - -3?
421
In base 5, what is 11003 + -3?
11000
In base 11, what is 1564 - -4?
1568
In base 3, what is -100121 + -12?
-100210
In base 8, what is -1 + -55?
-56
In base 7, what is 1 + -633?
-632
In base 5, what is -2 - 1013?
-1020
In base 16, what is -23 + -3?
-26
In base 8, what is 105261 - 0?
105261
In base 9, what is -2 - -5?
3
In base 3, what is 1002 - 1200?
-121
In base 5, what is -24 + -22332?
-22411
In base 12, what is 4 - -49?
51
In base 3, what is -11111 + 200?
-10211
In base 9, what is -10 - -14?
4
In base 11, what is -5 + 741?
737
In base 7, what is -342 - -4?
-335
In base 13, what is 799 - -2?
79b
In base 11, what is -439 + 1?
-438
In base 4, what is 300033 - -10?
300103
In base 11, what is -106 + 21?
-95
In base 8, what is 33 - -57?
112
In base 8, what is 3 + 236?
241
In base 3, what is 12 - -2?
21
In base 14, what is 7a + 2c?
a8
In base 10, what is -3 + 452?
449
In base 5, what is 121 + 3?
124
In base 6, what is 10 + -5140?
-5130
In base 3, what is -110 + 1?
-102
In base 15, what is 71 + 11?
82
In base 6, what is 23 - -2013?
2040
In base 10, what is 5464 + 0?
5464
In base 3, what is 22 - -120?
212
In base 10, what is -13 + -256?
-269
In base 10, what is -66 + -2?
-68
In base 2, what is -100 - 11001?
-11101
In base 4, what is -10 - 0?
-10
In base 5, what is -3 - -12314?
12311
In base 3, what is -200210 - -11?
-200122
In base 14, what is -10 + -2c?
-3c
In base 13, what is 4 - -8?
c
In base 15, what is 5 - -5c3?
5c8
In base 7, what is -5 - 300?
-305
In base 2, what is -1011 - 110011?
-111110
In base 9, what is 24147 - -1?
24148
In base 8, what is 5271 - 2?
5267
In base 9, what is -182 - -10?
-172
In base 13, what is -6a3 + 4?
-69c
In base 5, what is -1004 + 1?
-1003
In base 5, what is -1203 - -3?
-1200
In base 10, what is -4 - -23?
19
In base 8, what is 113 + 34?
147
In base 6, what is 1 - 144?
-143
In base 2, what is -100 + 100100011?
100011111
In base 4, what is 10 - -203?
213
In base 11, what is -89a - 2?
-8a1
In base 8, what is 2 + 46?
50
In base 4, what is -3 + -220223?
-220232
In base 9, what is 28 - -30?
58
In base 5, what is 4101 + 3?
4104
In base 7, what is -3 - 454?
-460
In base 6, what is -105 + 1?
-104
In base 5, what is 2024241 - -1?
2024242
In base 15, what is 2 - -2e4?
2e6
In base 5, what is 4 + -32113?
-32104
In base 9, what is -13 + 2?
-11
In base 13, what is -3 - 152?
-155
In base 9, what is -1583 - -11?
-1572
In base 5, what is -2 - -1042?
1040
In base 15, what is 933 + 5?
938
In base 2, what is 1000 - -110101?
111101
In base 2, what is 101000011101 - -10?
101000011111
In base 5, what is -2 - -223?
221
In base 16, what is 1 + 3b?
3c
In base 6, what is 3 - 20420?
-20413
In base 9, what is 4 - -551?
555
In base 2, what is 101 - -1010110100?
1010111001
In base 7, what is -13 - 60?
-103
In base 11, what is 4 - -1?
5
In base 10, what is 0 + 380?
380
In base 15, what is 2 + -254?
-252
In base 14, what is -15b - 5c?
-1b9
In base 8, what is 2517 - 3?
2514
In base 5, what is 2404 - 4?
2400
In base 12, what is 29a + -5?
295
In base 3, what is 12 - 22011?
-21222
In base 9, what is -54 - 2?
-56
In base 5, what is -1303 + -21?
-1324
In base 10, what is 2 - 324?
-322
In base 6, what is -1 + 150?
145
In base 2, what is -100 - -111001?
110101
In base 3, what is -221101 + 22?
-221002
In base 4, what is -12131 - 11?
-12202
In base 5, what is 4 - 43?
-34
In base 5, what is -1 + 1234?
1233
In base 12, what is 124a - 3?
1247
In base 9, what is 164 + -4?
160
In base 3, what is -101011 - 10?
-101021
In base 14, what is -26 + 8?
-1c
In base 15, what is 119 + 2?
11b
In base 16, what is 88 + -5?
83
In base 14, what is -5 + -9b4?
-9b9
In base 7, what is -61 - -12?
-46
In base 4, what is 11 - 103?
-32
In base 8, what is 2661 + -3?
2656
In base 4, what is 32321 - 110?
32211
In base 2, what is 0 + 101000110?
101000110
In base 2, what is -11 + -100011?
-100110
In base 16, what is 1 - -24?
25
In base 2, what is -10 + -11010001?
-11010011
In base 5, what is 11131 - 1?
11130
In base 10, what is 32 - -6?
38
In base 3, what is 1 + -12220222?
-12220221
In base 13, what is -9 - -13?
7
In base 6, what is 21 - 12325?
-12304
In base 14, what is -4 + -16c?
-172
In base 11, what is -143a - 3?
-1442
In base 5, what is 34 - 14441?
-14402
In base 13, what is 1 - 29c?
-29b
In base 3, what is 2 - -101111122?
101111201
In base 9, what is -103 - 1?
-104
In base 12, what is -257 + -1?
-258
In base 14, what is -3 + -7?
-a
In base 9, what is -3 - 743?
-746
In base 12, what is -2 - 14?
-16
In base 5, what is -141 + -1?
-142
In base 9, what is -454 + 2?
-452
In base 16, what is -5 + -14f?
-154
In base 7, what is -46 - 23?
-102
In base 9, what is 8 - -7?
16
In base 15, what is ec - 0?
ec
In base 6, what is 0 - -2330?
2330
In base 12, what is -2 + 140?
13a
In base 11, what is -21 + 47a?
459
In base 3, what is -222 - 2011?
-10010
In base 16, what is -c - 2e?
-3a
In base 9, what is 1 + 64?
65
In base 14, what is 48d4 - 5?
48cd
In base 6, what is 51 - 14?
33
In base 13, what is -1 + 227?
226
In base 9, what is -6 - 320?
-326
In base 12, what is 60 + 3?
63
In base 4, what is 2000 + -20?
1320
In base 12, what is -25 - 4?
-29
In base 11, what is -1619 - 3?
-1621
In base 15, what is 563 + 1?
564
In base 3, what is 211220 + 1?
211221
In base 2, what is 100 + -1011001?
-1010101
In base 10, what is 30 + -3?
27
In base 5, what is -301 - 442?
-1243
In base 11, what is 2a + -9?
21
In base 3, what is -111 - -2022?
1211
In base 12, what is 397 - b?
388
In base 15, what is 2 - -19?
1b
In base 14, what is -5c - 3?
-61
In base 8, what is -5 + 1361?
1354
In base 11, what is 5 - -259?
263
In base 6, what is -104030 + 4?
-104022
In base 5, what is -4 + 222?
213
In base 8, what is -1 + 37?
36
In base 14, what is -151 + 2?
-14d
In base 13, what is 4 + -24?
-20
In base 5, what is -10214 + -2?
-10221
In base 16, what is 355 - 0?
355
In base 8, what is 1 - 17?
-16
In base 13, what is -7 - -80?
76
In base 13, what is -a - 1547?
-1554
In base 11, what is -1 - 23?
-24
In base 15, what is -a66 - -2?
-a64
In base 3, what is -122 + 12110?
11211
In base 5, what is 100 + 2?
102
In base 13, what is 3b3 + -27?
389
In base 7, what is 1 + 0?
1
In base 6, what is 11545 + -10?
11535
In base 5, what is 4 - 3130?
-3121
In base 15, what is -2 + 24d?
24b
In base 2, what is -10111001 - -110?
-10110011
In base 5, what is 4 - -1331?
1340
In base 14, what is -d - -30?
21
In base 14, what is -5 + 27?
22
In base 5, what is 3101 - 3?
3043
In base 3, what is 2 + -212?
-210
In base 10, what is 2 - -301?
303
In base 16, what is -7 + -78?
-7f
In base 14, what is 0 + 101a?
101a
In base 13, what is 0 + 25a?
25a
In base 14, what is -1981 - -1?
-1980
In base 15, what is -5d + 3?
-5a
In base 15, what is -12 - 9?
-1b
In base 7, what is 33 + 330?
363
In base 14, what is 226 - -4?
22a
In base 6, what is 0 - 13514?
-13514
In base 8, what is -6572 + -5?
-6577
In base 5, what is 24140 + 2?
24142
In base 9, what is 1 - -44?
45
In base 3, what is 1022102 - -21?
1022200
In base 7, what is -110 + 1633?
1523
In base 6, what is -112 - -22?
-50
In base 8, what is 6 - 131?
-123
In base 15, what is 137 - -7?